 523*j + 14666. Determine l(90).
-4
Let n(m) = -5*m**2 + 106*m + 3835. What is n(40)?
75
Let g(s) = 6039*s + 483488. Calculate g(-80).
368
Let f(o) = -5*o**2 + 84*o + 15. Calculate f(16).
79
Let j(n) = 554419*n - 3326473. Determine j(6).
41
Let i(t) = -t**3 - 10*t**2 + 1153*t + 9368. Calculate i(-8).
16
Let b(r) = 10779*r + 195188. Give b(-18).
1166
Let y(c) = 2*c**3 - 511*c**2 + 14106*c + 1429. What is y(224)?
85
Let c(r) = 5*r**3 + 114*r**2 + 59*r - 152. What is c(-20)?
4268
Let b(h) = 47*h - 6925. Give b(154).
313
Let b(r) = -145465*r + 1018165. Give b(7).
-90
Let o(p) = 1661*p - 920257. Give o(554).
-63
Let b(a) = 2*a**2 - 54*a - 2278. Determine b(-22).
-122
Let r(l) = -2*l**3 - 29*l**2 - 424*l - 2163. Determine r(-10).
1177
Let z(t) = 2475*t**2 + 14857*t + 47. Determine z(-6).
5
Let u(c) = 32*c**3 + 1474*c**2 + 117*c + 1157. What is u(-46)?
7
Let k(u) = u**3 - 34*u**2 - 262*u - 881. Calculate k(41).
144
Let j(h) = -24260*h + 703549. Determine j(29).
9
Let k(z) = -2382*z - 9530. Give k(-4).
-2
Let z(l) = 112292*l + 449093. What is z(-4)?
-75
Let w(l) = l**2 + 2524*l + 40113. Determine w(-16).
-15
Let h(q) = -q**3 - 163*q**2 - 1512*q + 2785. What is h(-153)?
31
Let j(w) = -14*w - 944. Give j(-8).
-832
Let b(q) = 200986*q**2 - 5426621*q - 13. Determine b(27).
14
Let r(t) = 41*t**2 - 3406*t - 3183. Determine r(84).
9
Let m(j) = -3*j**2 + 15*j + 85. Determine m(-8).
-227
Let k(l) = 7037*l - 70370. Calculate k(10).
0
Let m(g) = 36*g**2 - 368*g + 934. Give m(5).
-6
Let h(c) = 12611*c - 140322. Calculate h(11).
-1601
Let a(w) = 2920*w + 905206. Calculate a(-310).
6
Let v(s) = s**3 - 8477*s**2 + 84676*s - 32. Give v(10).
28
Let w(x) = -x**3 - 131*x**2 - 2046*x - 1331. What is w(-113)?
25
Let y(a) = a**2 - 31626*a + 1736351. What is y(55)?
-54
Let h(c) = -959*c - 5752. Calculate h(-6).
2
Let b(n) = -2*n**3 - 360*n**2 - 1089*n - 4676. Calculate b(-177).
103
Let m(u) = -u**3 + 266*u**2 - 12017*u + 21732. What is m(209)?
-4
Let o(q) = -7*q**3 - 2165*q**2 - 453*q + 50981. Calculate o(-309).
-4
Let a(t) = -7*t**3 - 532*t**2 - 17*t - 1153. Calculate a(-76).
139
Let g(v) = -v**3 - 2420*v**2 + 78465*v - 27. Calculate g(32).
5
Let c(s) = -51*s**2 + 170*s + 362. Give c(6).
-454
Let q(h) = 312*h - 100210. Calculate q(317).
-1306
Let r(x) = x**3 - 83*x**2 - 21198*x + 3515. What is r(-110)?
-5
Let d(x) = 73*x + 2951. What is d(-43)?
-188
Let m(z) = 2*z**2 - 720*z + 47774. Determine m(88).
-98
Let k(j) = 8708*j + 165463. Determine k(-19).
11
Let c(d) = -d**2 + 6069*d + 4315824. Give c(-643).
8
Let g(a) = -6*a**3 + 431*a**2 + 64*a + 585. Determine g(72).
9
Let a(k) = 2*k**3 - 26*k**2 + 88*k - 79. Give a(8).
-15
Let p(b) = b**3 + 40*b**2 + 405*b - 33. Give p(-20).
-133
Let f(y) = -7550*y + 301973. Determine f(40).
-27
Let f(i) = i**3 + 14*i**2 - 1329*i + 121. Calculate f(30).
-149
Let z(d) = 3*d**2 - 356*d + 12478. Determine z(37).
3413
Let m(v) = 4*v**2 + 650*v + 7992. What is m(-150)?
492
Let f(o) = -o**3 - 175*o**2 + 1645*o - 2045. Calculate f(-184).
-21
Let r(d) = 83585*d + 6937549. What is r(-83)?
-6
Let q(j) = 189*j - 21916. Determine q(116).
8
Let p(m) = -m**3 + 2*m**2 + 737*m + 5741. Determine p(-8).
485
Let n(d) = 2*d**3 - 6*d**2 - 98606*d + 394408. Determine n(4).
16
Let b(z) = -478*z**2 - 26291*z - 67. Give b(-55).
-12
Let k(v) = -97548*v - 1463234. What is k(-15)?
-14
Let p(b) = b**2 - 53*b - 941. What is p(-15)?
79
Let w(p) = -521366*p + 3128214. What is w(6)?
18
Let m(l) = 2*l**2 + 32*l + 117. What is m(-13)?
39
Let s(p) = -149*p**3 - 3723*p**2 + 42*p + 7. What is s(-25)?
207
Let p(n) = 11996*n - 251897. Give p(21).
19
Let f(m) = 1778*m**2 + 1627*m - 1625. Calculate f(1).
1780
Let c(y) = 614*y - 1453. What is c(4)?
1003
Let p(f) = -3*f**2 - 284*f - 6093. Give p(-62).
-17
Let t(x) = 3*x**3 - 83*x**2 + 468*x + 95. Determine t(7).
333
Let r(m) = -m**3 + 31*m**2 - 66*m + 633. What is r(23)?
3347
Let u(d) = 1007*d + 401765. Determine u(-399).
-28
Let j(l) = 2*l**3 - 15*l**2 + 24805*l - 173594. Determine j(7).
-8
Let y(w) = -847*w + 434500. Calculate y(513).
-11
Let s(z) = 107*z + 19889. Give s(-186).
-13
Let y(m) = -6*m**2 - 8778*m - 241069. Determine y(-28).
11
Let x(v) = 6*v**3 + 10*v**2 - 75*v - 261. Calculate x(-3).
-108
Let p(d) = d**3 + 11*d**2 - 320*d - 130. Determine p(13).
-234
Let o(h) = -3*h**3 - 302*h**2 + 118*h + 1904. Calculate o(-101).
187
Let k(j) = j**3 + 46*j**2 + 188*j + 1275. What is k(-42)?
435
Let g(a) = 202*a**3 + 3*a**2 - 30*a + 10. Calculate g(3).
5401
Let p(z) = -z**3 + 12*z**2 - 42*z + 213. What is p(10)?
-7
Let c(u) = -111*u**3 + 337*u**2 - 989*u + 2926. Give c(3).
-5
Let r(x) = 37*x**2 - 22513*x + 10341. Determine r(608).
5
Let a(m) = 172*m + 1942. Give a(-12).
-122
Let p(k) = 10*k**3 - 2390*k**2 + 42*k - 10041. Determine p(239).
-3
Let i(n) = 37604*n + 1692141. Determine i(-45).
-39
Let p(w) = -16*w**2 - 220*w + 2071. Give p(-20).
71
Let f(y) = 2*y**3 - 308*y**2 - 322*y + 1696. What is f(155)?
-164
Let h(a) = 75*a - 14075. What is h(187)?
-50
Let k(w) = -2470*w + 118499. Determine k(48).
-61
Let k(z) = 232*z**2 - 2165*z + 4323. Calculate k(2).
921
Let g(y) = -2293*y + 16084. Give g(7).
33
Let f(a) = 352*a - 12995. Give f(37).
29
Let r(q) = 7*q**2 + 730*q + 19101. Give r(-50).
101
Let w(j) = 12230*j - 17672361. Calculate w(1445).
-11
Let n(i) = -5*i**2 + 474*i + 10082. Calculate n(-19).
-729
Let o(p) = p**2 + 450*p + 39845. Determine o(-329).
36
Let s(p) = 5*p**3 + 2506*p**2 - 2010*p - 1119. Calculate s(-502).
-115
Let m(g) = -g**3 - 18*g**2 - 199*g - 44. What is m(-8)?
908
Let n(x) = x**3 - 2437*x**2 - 131977*x - 369. Determine n(-53).
2
Let b(g) = 58*g**3 - 3*g**2 + 9*g + 20. What is b(-2)?
-474
Let h(q) = 5*q**3 - 8*q**2 - 130*q + 696. Give h(5).
471
Let u(o) = 51*o**2 - 4032*o - 12318. Determine u(82).
-18
Let z(p) = -p**3 - 56*p**2 - 207*p + 38. Calculate z(-52).
-14
Let c(i) = -i**2 - 942*i + 62644. What is c(62)?
396
Let m(i) = i**3 - 37*i**2 + 223*i - 2015. What is m(32)?
1
Let g(w) = -w**2 + 864*w + 20353. Calculate g(-23).
-48
Let v(d) = -341423*d + 2048561. Give v(6).
23
Let z(q) = -7*q**2 + 105*q + 415. Calculate z(-4).
-117
Let p(u) = -60*u + 6248. Calculate p(98).
368
Let z(i) = i**2 - 134*i + 3920. Determine z(39).
215
Let i(q) = -2*q**2 + 776*q - 70565. Calculate i(242).
99
Let j(t) = -2337*t**2 + 65447*t + 24. Determine j(28).
332
Let o(c) = c**3 - 7*c**2 - c + 38. Give o(5).
-17
Let q(w) = -w**3 + 30*w**2 + 4277*w - 134811. Calculate q(32).
5
Let u(g) = 7*g**2 + 1837*g + 84218. Give u(-203).
-230
Let u(p) = -2352*p**2 + 3*p - 1. Calculate u(-1).
-2356
Let u(p) = 2*p**2 - 506*p + 24766. Calculate u(187).
82
Let s(z) = -23*z**3 - 706*z**2 + 2577*z - 243. What is s(-34)?
-5
Let n(w) = 42*w**3 - 849*w**2 + 239*w - 7. Calculate n(20).
1173
Let m(h) = 10457*h**2 + h - 52. What is m(0)?
-52
Let a(n) = 578*n - 28855. Calculate a(50).
45
Let a(n) = -549*n + 7568. What is a(13)?
431
Let c(l) = -l**2 - 24123*l + 5625778. What is c(231)?
4
Let p(i) = -100*i**3 + 9902*i**2 - 207*i + 877. Calculate p(99).
-14
Let u(i) = -i**3 + 3*i**2 + 43*i - 122. Give u(6).
28
Let b(m) = 4*m**2 + 76554*m + 1682238. Determine b(-22).
-14
Let j(r) = -95*r - 6768. Give j(-69).
-213
Let b(h) = 210*h - 637. What is b(5)?
413
Let r(h) = -h**3 - 98*h**2 + 1077*h + 32. Calculate r(10).
2
Let q(s) = -2*s**2 - 2096*s + 34044. What is q(16)?
-4
Let l(o) = 2269*o - 102136. What is l(45)?
-31
Let x(v) = -v**3 - 11*v**2 + 26924*v + 53889. What is x(-2)?
5
Let n(g) = g**3 + 27*g**2 + 154*g + 143. What is n(-21)?
-445
Let a(j) = -2*j**2 - 10*j + 398. Give a(17).
-350
Let n(j) = -j**3 - 224*j**2 + 68417*j + 15343201. Calculate n(-225).
1
Let x(l) = -l**3 + 85*l**2 - 4740*l + 402878. Calculate x(85).
-22
Let h(m) = -753*m - 4671. What is h(-5)?
-906
Let r(d) = -37*d**3 - 159*d**2 + 7*d - 7. Calculate r(-4).
-211
Let t(o) = -12746*o - 726424. Determine t(-57).
98
Let j(z) = z**2 + 308*z + 7968. Give j(-25).
893
Let x(u) = 5*u**2 + 2084*u + 194297. Determine x(-276).
-7
Let x(d) = 298*d + 5191. What is x(-14)?
1019
Let d(b) = 50*b**2 + 1117*b - 91305. Give d(33).
6
Let w(p) = -p**3 - 19*p**2 - 312*p - 1026. What is w(-4)?
-18
Let x(g) = -g**3 + 49*g**2 - 515*g - 45. What is x(34)?
-215
Let u(t) = 7*t**2 + 2192*t - 24966. Calculate u(11).
-7
Let m(k) = 